{"id":91754,"date":"2023-03-30T14:14:42","date_gmt":"2023-03-30T20:14:42","guid":{"rendered":"https:\/\/www.wellogi.com\/cursos\/?page_id=91754"},"modified":"2026-02-06T09:23:03","modified_gmt":"2026-02-06T15:23:03","slug":"distintivo-digital-profeco","status":"publish","type":"page","link":"https:\/\/www.wellogi.com\/cursos\/distintivo-digital-profeco\/","title":{"rendered":"Distintivo Digital. PROFECO"},"content":{"rendered":"\n<figure class=\"wp-block-image size-large\"><img fetchpriority=\"high\" decoding=\"async\" width=\"1024\" height=\"536\" src=\"https:\/\/www.wellogi.com\/cursos\/wp-content\/uploads\/2023\/03\/banner_distintivo_digital_profeco_SOLO-01-1024x536.jpg\" alt=\"Distintivo Digital\" class=\"wp-image-91752\" srcset=\"https:\/\/www.wellogi.com\/cursos\/wp-content\/uploads\/2023\/03\/banner_distintivo_digital_profeco_SOLO-01-1024x536.jpg 1024w, https:\/\/www.wellogi.com\/cursos\/wp-content\/uploads\/2023\/03\/banner_distintivo_digital_profeco_SOLO-01-600x314.jpg 600w, https:\/\/www.wellogi.com\/cursos\/wp-content\/uploads\/2023\/03\/banner_distintivo_digital_profeco_SOLO-01-300x157.jpg 300w, https:\/\/www.wellogi.com\/cursos\/wp-content\/uploads\/2023\/03\/banner_distintivo_digital_profeco_SOLO-01-768x402.jpg 768w, https:\/\/www.wellogi.com\/cursos\/wp-content\/uploads\/2023\/03\/banner_distintivo_digital_profeco_SOLO-01-200x105.jpg 200w, https:\/\/www.wellogi.com\/cursos\/wp-content\/uploads\/2023\/03\/banner_distintivo_digital_profeco_SOLO-01-400x209.jpg 400w, https:\/\/www.wellogi.com\/cursos\/wp-content\/uploads\/2023\/03\/banner_distintivo_digital_profeco_SOLO-01-100x52.jpg 100w, https:\/\/www.wellogi.com\/cursos\/wp-content\/uploads\/2023\/03\/banner_distintivo_digital_profeco_SOLO-01-1536x803.jpg 1536w, https:\/\/www.wellogi.com\/cursos\/wp-content\/uploads\/2023\/03\/banner_distintivo_digital_profeco_SOLO-01-150x78.jpg 150w, https:\/\/www.wellogi.com\/cursos\/wp-content\/uploads\/2023\/03\/banner_distintivo_digital_profeco_SOLO-01-450x235.jpg 450w, https:\/\/www.wellogi.com\/cursos\/wp-content\/uploads\/2023\/03\/banner_distintivo_digital_profeco_SOLO-01-900x471.jpg 900w, https:\/\/www.wellogi.com\/cursos\/wp-content\/uploads\/2023\/03\/banner_distintivo_digital_profeco_SOLO-01.jpg 1564w\" sizes=\"(max-width: 1024px) 100vw, 1024px\" \/><figcaption class=\"wp-element-caption\">Distintivo Digital<\/figcaption><\/figure>\n\n\n\n<figure class=\"wp-block-image aligncenter size-full\"><img decoding=\"async\" width=\"714\" height=\"720\" src=\"https:\/\/www.wellogi.com\/cursos\/wp-content\/uploads\/2023\/05\/Distintivo-Digital-ante-PROFECO.-Wellogi-Academy.jpg\" alt=\"Distintivo Digital ante PROFECO. Wellogi Academy\" class=\"wp-image-95901\" srcset=\"https:\/\/www.wellogi.com\/cursos\/wp-content\/uploads\/2023\/05\/Distintivo-Digital-ante-PROFECO.-Wellogi-Academy.jpg 714w, https:\/\/www.wellogi.com\/cursos\/wp-content\/uploads\/2023\/05\/Distintivo-Digital-ante-PROFECO.-Wellogi-Academy-100x101.jpg 100w, https:\/\/www.wellogi.com\/cursos\/wp-content\/uploads\/2023\/05\/Distintivo-Digital-ante-PROFECO.-Wellogi-Academy-600x605.jpg 600w, https:\/\/www.wellogi.com\/cursos\/wp-content\/uploads\/2023\/05\/Distintivo-Digital-ante-PROFECO.-Wellogi-Academy-298x300.jpg 298w, https:\/\/www.wellogi.com\/cursos\/wp-content\/uploads\/2023\/05\/Distintivo-Digital-ante-PROFECO.-Wellogi-Academy-150x151.jpg 150w, https:\/\/www.wellogi.com\/cursos\/wp-content\/uploads\/2023\/05\/Distintivo-Digital-ante-PROFECO.-Wellogi-Academy-198x200.jpg 198w, https:\/\/www.wellogi.com\/cursos\/wp-content\/uploads\/2023\/05\/Distintivo-Digital-ante-PROFECO.-Wellogi-Academy-397x400.jpg 397w, https:\/\/www.wellogi.com\/cursos\/wp-content\/uploads\/2023\/05\/Distintivo-Digital-ante-PROFECO.-Wellogi-Academy-200x202.jpg 200w, https:\/\/www.wellogi.com\/cursos\/wp-content\/uploads\/2023\/05\/Distintivo-Digital-ante-PROFECO.-Wellogi-Academy-300x303.jpg 300w, https:\/\/www.wellogi.com\/cursos\/wp-content\/uploads\/2023\/05\/Distintivo-Digital-ante-PROFECO.-Wellogi-Academy-450x454.jpg 450w\" sizes=\"(max-width: 714px) 100vw, 714px\" \/><figcaption class=\"wp-element-caption\">Distintivo Digital ante PROFECO. Wellogi Academy<\/figcaption><\/figure>\n\n\n\n<h1 class=\"wp-block-heading has-text-align-center\">\u00a1Primera (desde 2023) y \u00fanica empresa (a la fecha) fundada y gestionada por Nutri\u00f3logos, que cumple y esta debidamente registrada ante PROFECO!<\/h1>\n\n\n\n<h1 class=\"wp-block-heading has-text-align-center\" id=\"h-consultar-directorio-del-distintivo-digital\"><strong><a href=\"https:\/\/distintivodigital.profeco.gob.mx\/\" target=\"_blank\" rel=\"noreferrer noopener\">Consultar Directorio del Distintivo Digital<\/a><\/strong><\/h1>\n\n\n\n<div data-wp-interactive=\"core\/file\" class=\"wp-block-file\"><object data-wp-bind--hidden=\"!state.hasPdfPreview\" hidden class=\"wp-block-file__embed\" data=\"https:\/\/www.wellogi.com\/cursos\/wp-content\/uploads\/2025\/10\/Registro-ante-el-Distintivo-Digital.-PROFECO.-2025.pdf\" type=\"application\/pdf\" style=\"width:100%;height:600px\" aria-label=\"Incrustado de Registro ante el Distintivo Digital. PROFECO. 2025.\"><\/object><a id=\"wp-block-file--media-8a1dbd66-805e-4265-adbf-acb4909f8a41\" href=\"https:\/\/www.wellogi.com\/cursos\/wp-content\/uploads\/2025\/10\/Registro-ante-el-Distintivo-Digital.-PROFECO.-2025.pdf\">Registro ante el Distintivo Digital. PROFECO. 2025<\/a><a href=\"https:\/\/www.wellogi.com\/cursos\/wp-content\/uploads\/2025\/10\/Registro-ante-el-Distintivo-Digital.-PROFECO.-2025.pdf\" class=\"wp-block-file__button wp-element-button\" download aria-describedby=\"wp-block-file--media-8a1dbd66-805e-4265-adbf-acb4909f8a41\">Descarga<\/a><\/div>\n\n\n\n<div data-wp-interactive=\"core\/file\" class=\"wp-block-file\"><object data-wp-bind--hidden=\"!state.hasPdfPreview\" hidden class=\"wp-block-file__embed\" data=\"https:\/\/www.wellogi.com\/cursos\/wp-content\/uploads\/2025\/10\/Registro-ante-el-Distintivo-Digital.-PROFECO.-2023.pdf\" type=\"application\/pdf\" style=\"width:100%;height:600px\" aria-label=\"Incrustado de Registro ante el Distintivo Digital. PROFECO. 2023.\"><\/object><a id=\"wp-block-file--media-94e2bf16-d2d8-46d6-b4c3-8546157c0bf4\" href=\"https:\/\/www.wellogi.com\/cursos\/wp-content\/uploads\/2025\/10\/Registro-ante-el-Distintivo-Digital.-PROFECO.-2023.pdf\">Registro ante el Distintivo Digital. PROFECO. 2023<\/a><a href=\"https:\/\/www.wellogi.com\/cursos\/wp-content\/uploads\/2025\/10\/Registro-ante-el-Distintivo-Digital.-PROFECO.-2023.pdf\" class=\"wp-block-file__button wp-element-button\" download aria-describedby=\"wp-block-file--media-94e2bf16-d2d8-46d6-b4c3-8546157c0bf4\">Descarga<\/a><\/div>\n\n\n\n<figure class=\"wp-block-embed is-type-video is-provider-vimeo wp-block-embed-vimeo wp-embed-aspect-16-9 wp-has-aspect-ratio\"><div class=\"wp-block-embed__wrapper\">\n<iframe src=\"https:\/\/player.vimeo.com\/video\/811761334?dnt=1&amp;app_id=122963\" width=\"605\" height=\"340\" frameborder=\"0\" allow=\"autoplay; fullscreen; picture-in-picture; clipboard-write; encrypted-media; web-share\" referrerpolicy=\"strict-origin-when-cross-origin\"><\/iframe>\n<\/div><\/figure>\n\n\n\n<figure class=\"wp-block-image size-large\"><a href=\"https:\/\/distintivodigital.profeco.gob.mx\/\" target=\"_blank\" rel=\" noreferrer noopener\"><img decoding=\"async\" width=\"1024\" height=\"510\" src=\"https:\/\/www.wellogi.com\/cursos\/wp-content\/uploads\/2025\/10\/Captura-de-pantalla-del-Registro-ante-el-Distintivo-Digital.-PROFECO.-2025-1024x510.jpg\" alt=\"\" class=\"wp-image-115408\" srcset=\"https:\/\/www.wellogi.com\/cursos\/wp-content\/uploads\/2025\/10\/Captura-de-pantalla-del-Registro-ante-el-Distintivo-Digital.-PROFECO.-2025-1024x510.jpg 1024w, https:\/\/www.wellogi.com\/cursos\/wp-content\/uploads\/2025\/10\/Captura-de-pantalla-del-Registro-ante-el-Distintivo-Digital.-PROFECO.-2025-300x149.jpg 300w, https:\/\/www.wellogi.com\/cursos\/wp-content\/uploads\/2025\/10\/Captura-de-pantalla-del-Registro-ante-el-Distintivo-Digital.-PROFECO.-2025-768x383.jpg 768w, https:\/\/www.wellogi.com\/cursos\/wp-content\/uploads\/2025\/10\/Captura-de-pantalla-del-Registro-ante-el-Distintivo-Digital.-PROFECO.-2025-200x100.jpg 200w, https:\/\/www.wellogi.com\/cursos\/wp-content\/uploads\/2025\/10\/Captura-de-pantalla-del-Registro-ante-el-Distintivo-Digital.-PROFECO.-2025-400x199.jpg 400w, https:\/\/www.wellogi.com\/cursos\/wp-content\/uploads\/2025\/10\/Captura-de-pantalla-del-Registro-ante-el-Distintivo-Digital.-PROFECO.-2025-100x50.jpg 100w, https:\/\/www.wellogi.com\/cursos\/wp-content\/uploads\/2025\/10\/Captura-de-pantalla-del-Registro-ante-el-Distintivo-Digital.-PROFECO.-2025-150x75.jpg 150w, https:\/\/www.wellogi.com\/cursos\/wp-content\/uploads\/2025\/10\/Captura-de-pantalla-del-Registro-ante-el-Distintivo-Digital.-PROFECO.-2025-450x224.jpg 450w, https:\/\/www.wellogi.com\/cursos\/wp-content\/uploads\/2025\/10\/Captura-de-pantalla-del-Registro-ante-el-Distintivo-Digital.-PROFECO.-2025-600x299.jpg 600w, https:\/\/www.wellogi.com\/cursos\/wp-content\/uploads\/2025\/10\/Captura-de-pantalla-del-Registro-ante-el-Distintivo-Digital.-PROFECO.-2025-900x448.jpg 900w, https:\/\/www.wellogi.com\/cursos\/wp-content\/uploads\/2025\/10\/Captura-de-pantalla-del-Registro-ante-el-Distintivo-Digital.-PROFECO.-2025.jpg 1363w\" sizes=\"(max-width: 1024px) 100vw, 1024px\" \/><\/a><\/figure>\n\n\n\n<figure class=\"wp-block-image size-large\"><a href=\"https:\/\/distintivodigital.profeco.gob.mx\/consulta.php?serie=DA25T2A3011122\" target=\"_blank\" rel=\" noreferrer noopener\"><img loading=\"lazy\" decoding=\"async\" width=\"1024\" height=\"509\" src=\"https:\/\/www.wellogi.com\/cursos\/wp-content\/uploads\/2025\/10\/Captura-de-pantalla-al-Folio-del-Registro-ante-Distintivo-Digital.-PROFECO-1024x509.jpg\" alt=\"\" class=\"wp-image-115409\" srcset=\"https:\/\/www.wellogi.com\/cursos\/wp-content\/uploads\/2025\/10\/Captura-de-pantalla-al-Folio-del-Registro-ante-Distintivo-Digital.-PROFECO-1024x509.jpg 1024w, https:\/\/www.wellogi.com\/cursos\/wp-content\/uploads\/2025\/10\/Captura-de-pantalla-al-Folio-del-Registro-ante-Distintivo-Digital.-PROFECO-300x149.jpg 300w, https:\/\/www.wellogi.com\/cursos\/wp-content\/uploads\/2025\/10\/Captura-de-pantalla-al-Folio-del-Registro-ante-Distintivo-Digital.-PROFECO-768x381.jpg 768w, https:\/\/www.wellogi.com\/cursos\/wp-content\/uploads\/2025\/10\/Captura-de-pantalla-al-Folio-del-Registro-ante-Distintivo-Digital.-PROFECO-200x99.jpg 200w, https:\/\/www.wellogi.com\/cursos\/wp-content\/uploads\/2025\/10\/Captura-de-pantalla-al-Folio-del-Registro-ante-Distintivo-Digital.-PROFECO-400x199.jpg 400w, https:\/\/www.wellogi.com\/cursos\/wp-content\/uploads\/2025\/10\/Captura-de-pantalla-al-Folio-del-Registro-ante-Distintivo-Digital.-PROFECO-100x50.jpg 100w, https:\/\/www.wellogi.com\/cursos\/wp-content\/uploads\/2025\/10\/Captura-de-pantalla-al-Folio-del-Registro-ante-Distintivo-Digital.-PROFECO-150x75.jpg 150w, https:\/\/www.wellogi.com\/cursos\/wp-content\/uploads\/2025\/10\/Captura-de-pantalla-al-Folio-del-Registro-ante-Distintivo-Digital.-PROFECO-450x224.jpg 450w, https:\/\/www.wellogi.com\/cursos\/wp-content\/uploads\/2025\/10\/Captura-de-pantalla-al-Folio-del-Registro-ante-Distintivo-Digital.-PROFECO-600x298.jpg 600w, https:\/\/www.wellogi.com\/cursos\/wp-content\/uploads\/2025\/10\/Captura-de-pantalla-al-Folio-del-Registro-ante-Distintivo-Digital.-PROFECO-900x447.jpg 900w, https:\/\/www.wellogi.com\/cursos\/wp-content\/uploads\/2025\/10\/Captura-de-pantalla-al-Folio-del-Registro-ante-Distintivo-Digital.-PROFECO.jpg 1361w\" sizes=\"(max-width: 1024px) 100vw, 1024px\" \/><\/a><\/figure>\n\n\n\n<h2 class=\"wp-block-heading has-text-align-center has-button-hover-color-color has-text-color has-link-color wp-elements-9ea406085e1972d043a7731983fa4ba6\"><strong>Conciliaexpres PROFECO<\/strong><\/h2>\n\n\n\n<figure class=\"wp-block-image aligncenter size-full\"><a href=\"https:\/\/www.wellogi.com\/cursos\/wp-content\/uploads\/2025\/10\/Conciliaexpres.-PROFECO.pdf\" target=\"_blank\" rel=\" noreferrer noopener\"><img loading=\"lazy\" decoding=\"async\" width=\"352\" height=\"602\" src=\"https:\/\/www.wellogi.com\/cursos\/wp-content\/uploads\/2025\/10\/Conciliaexpress-PROFECO.jpg\" alt=\"Conciliaexpress, PROFECO\" class=\"wp-image-115287\" srcset=\"https:\/\/www.wellogi.com\/cursos\/wp-content\/uploads\/2025\/10\/Conciliaexpress-PROFECO.jpg 352w, https:\/\/www.wellogi.com\/cursos\/wp-content\/uploads\/2025\/10\/Conciliaexpress-PROFECO-175x300.jpg 175w, https:\/\/www.wellogi.com\/cursos\/wp-content\/uploads\/2025\/10\/Conciliaexpress-PROFECO-117x200.jpg 117w, https:\/\/www.wellogi.com\/cursos\/wp-content\/uploads\/2025\/10\/Conciliaexpress-PROFECO-234x400.jpg 234w, https:\/\/www.wellogi.com\/cursos\/wp-content\/uploads\/2025\/10\/Conciliaexpress-PROFECO-58x100.jpg 58w, https:\/\/www.wellogi.com\/cursos\/wp-content\/uploads\/2025\/10\/Conciliaexpress-PROFECO-100x171.jpg 100w, https:\/\/www.wellogi.com\/cursos\/wp-content\/uploads\/2025\/10\/Conciliaexpress-PROFECO-150x257.jpg 150w, https:\/\/www.wellogi.com\/cursos\/wp-content\/uploads\/2025\/10\/Conciliaexpress-PROFECO-200x342.jpg 200w, https:\/\/www.wellogi.com\/cursos\/wp-content\/uploads\/2025\/10\/Conciliaexpress-PROFECO-300x513.jpg 300w\" sizes=\"(max-width: 352px) 100vw, 352px\" \/><\/a><figcaption class=\"wp-element-caption\">Conciliaexpress, PROFECO<\/figcaption><\/figure>\n\n\n\n<p class=\"has-text-align-center\"><strong>Inicia una Conciliaci\u00f3n ante PROFECO aqui:<\/strong> <a href=\"https:\/\/consumidoras.profeco.gob.mx\/conciliaexpress\/solicitud.php \">https:\/\/consumidoras.profeco.gob.mx\/conciliaexpress\/solicitud.php<\/a><\/p>\n","protected":false},"excerpt":{"rendered":"<p>\u00a1Primera (desde 2023) y \u00fanica empresa (a la fecha) fundada y gestionada por Nutri\u00f3logos, que cumple y esta debidamente registrada ante PROFECO! Consultar Directorio del Distintivo Digital Conciliaexpres PROFECO Inicia una Conciliaci\u00f3n ante PROFECO aqui: https:\/\/consumidoras.profeco.gob.mx\/conciliaexpress\/solicitud.php<\/p>\n","protected":false},"author":2,"featured_media":0,"parent":0,"menu_order":0,"comment_status":"closed","ping_status":"closed","template":"","meta":{"footnotes":""},"class_list":["post-91754","page","type-page","status-publish","hentry"],"yoast_head":"<!-- This site is optimized with the Yoast SEO plugin v27.4 - https:\/\/yoast.com\/product\/yoast-seo-wordpress\/ -->\n<title>Distintivo Digital. PROFECO - Wellogi Academy<\/title>\n<meta name=\"description\" content=\"Plataforma de capacitaci\u00f3n acad\u00e9mica continua as\u00edncrona especializada en Nutricion, Entrenamiento, Recomposici\u00f3n Corporal, Fitness y Wellness.\" \/>\n<meta name=\"robots\" content=\"index, follow, max-snippet:-1, max-image-preview:large, max-video-preview:-1\" \/>\n<link rel=\"canonical\" href=\"https:\/\/www.wellogi.com\/cursos\/distintivo-digital-profeco\/\" \/>\n<meta property=\"og:locale\" content=\"es_MX\" \/>\n<meta property=\"og:type\" content=\"article\" \/>\n<meta property=\"og:title\" content=\"Distintivo Digital. PROFECO - Wellogi Academy\" \/>\n<meta property=\"og:description\" content=\"Plataforma de capacitaci\u00f3n acad\u00e9mica continua as\u00edncrona especializada en Nutricion, Entrenamiento, Recomposici\u00f3n Corporal, Fitness y Wellness.\" \/>\n<meta property=\"og:url\" content=\"https:\/\/www.wellogi.com\/cursos\/distintivo-digital-profeco\/\" \/>\n<meta property=\"og:site_name\" content=\"Wellogi Academy\" \/>\n<meta property=\"article:publisher\" content=\"https:\/\/www.facebook.com\/WellogiApp\" \/>\n<meta property=\"article:modified_time\" content=\"2026-02-06T15:23:03+00:00\" \/>\n<meta property=\"og:image\" content=\"https:\/\/www.wellogi.com\/cursos\/wp-content\/uploads\/2023\/03\/banner_distintivo_digital_profeco_SOLO-01.jpg\" \/>\n\t<meta property=\"og:image:width\" content=\"1564\" \/>\n\t<meta property=\"og:image:height\" content=\"818\" \/>\n\t<meta property=\"og:image:type\" content=\"image\/jpeg\" \/>\n<meta name=\"twitter:card\" content=\"summary_large_image\" \/>\n<meta name=\"twitter:site\" content=\"@Wellogi_App\" \/>\n<script type=\"application\/ld+json\" class=\"yoast-schema-graph\">{\"@context\":\"https:\\\/\\\/schema.org\",\"@graph\":[{\"@type\":\"WebPage\",\"@id\":\"https:\\\/\\\/www.wellogi.com\\\/cursos\\\/distintivo-digital-profeco\\\/\",\"url\":\"https:\\\/\\\/www.wellogi.com\\\/cursos\\\/distintivo-digital-profeco\\\/\",\"name\":\"Distintivo Digital. PROFECO - Wellogi Academy\",\"isPartOf\":{\"@id\":\"https:\\\/\\\/www.wellogi.com\\\/cursos\\\/#website\"},\"primaryImageOfPage\":{\"@id\":\"https:\\\/\\\/www.wellogi.com\\\/cursos\\\/distintivo-digital-profeco\\\/#primaryimage\"},\"image\":{\"@id\":\"https:\\\/\\\/www.wellogi.com\\\/cursos\\\/distintivo-digital-profeco\\\/#primaryimage\"},\"thumbnailUrl\":\"https:\\\/\\\/www.wellogi.com\\\/cursos\\\/wp-content\\\/uploads\\\/2023\\\/03\\\/banner_distintivo_digital_profeco_SOLO-01-1024x536.jpg\",\"datePublished\":\"2023-03-30T20:14:42+00:00\",\"dateModified\":\"2026-02-06T15:23:03+00:00\",\"description\":\"Plataforma de capacitaci\u00f3n acad\u00e9mica continua as\u00edncrona especializada en Nutricion, Entrenamiento, Recomposici\u00f3n Corporal, Fitness y Wellness.\",\"breadcrumb\":{\"@id\":\"https:\\\/\\\/www.wellogi.com\\\/cursos\\\/distintivo-digital-profeco\\\/#breadcrumb\"},\"inLanguage\":\"es\",\"potentialAction\":[{\"@type\":\"ReadAction\",\"target\":[\"https:\\\/\\\/www.wellogi.com\\\/cursos\\\/distintivo-digital-profeco\\\/\"]}]},{\"@type\":\"ImageObject\",\"inLanguage\":\"es\",\"@id\":\"https:\\\/\\\/www.wellogi.com\\\/cursos\\\/distintivo-digital-profeco\\\/#primaryimage\",\"url\":\"https:\\\/\\\/www.wellogi.com\\\/cursos\\\/wp-content\\\/uploads\\\/2023\\\/03\\\/banner_distintivo_digital_profeco_SOLO-01.jpg\",\"contentUrl\":\"https:\\\/\\\/www.wellogi.com\\\/cursos\\\/wp-content\\\/uploads\\\/2023\\\/03\\\/banner_distintivo_digital_profeco_SOLO-01.jpg\",\"width\":1564,\"height\":818,\"caption\":\"Distintivo Digital\"},{\"@type\":\"BreadcrumbList\",\"@id\":\"https:\\\/\\\/www.wellogi.com\\\/cursos\\\/distintivo-digital-profeco\\\/#breadcrumb\",\"itemListElement\":[{\"@type\":\"ListItem\",\"position\":1,\"name\":\"Inicio\",\"item\":\"https:\\\/\\\/www.wellogi.com\\\/cursos\\\/\"},{\"@type\":\"ListItem\",\"position\":2,\"name\":\"Distintivo Digital. PROFECO\"}]},{\"@type\":\"WebSite\",\"@id\":\"https:\\\/\\\/www.wellogi.com\\\/cursos\\\/#website\",\"url\":\"https:\\\/\\\/www.wellogi.com\\\/cursos\\\/\",\"name\":\"Wellogi Academy\",\"description\":\"Plataforma de capacitaci\u00f3n acad\u00e9mica continua as\u00edncrona.\",\"publisher\":{\"@id\":\"https:\\\/\\\/www.wellogi.com\\\/cursos\\\/#organization\"},\"potentialAction\":[{\"@type\":\"SearchAction\",\"target\":{\"@type\":\"EntryPoint\",\"urlTemplate\":\"https:\\\/\\\/www.wellogi.com\\\/cursos\\\/?s={search_term_string}\"},\"query-input\":{\"@type\":\"PropertyValueSpecification\",\"valueRequired\":true,\"valueName\":\"search_term_string\"}}],\"inLanguage\":\"es\"},{\"@type\":\"Organization\",\"@id\":\"https:\\\/\\\/www.wellogi.com\\\/cursos\\\/#organization\",\"name\":\"Wellogi Academy\",\"url\":\"https:\\\/\\\/www.wellogi.com\\\/cursos\\\/\",\"logo\":{\"@type\":\"ImageObject\",\"inLanguage\":\"es\",\"@id\":\"https:\\\/\\\/www.wellogi.com\\\/cursos\\\/#\\\/schema\\\/logo\\\/image\\\/\",\"url\":\"https:\\\/\\\/www.wellogi.com\\\/cursos\\\/wp-content\\\/uploads\\\/2021\\\/11\\\/Logo-y-Slogan-transparente-final-.png\",\"contentUrl\":\"https:\\\/\\\/www.wellogi.com\\\/cursos\\\/wp-content\\\/uploads\\\/2021\\\/11\\\/Logo-y-Slogan-transparente-final-.png\",\"width\":5042,\"height\":4883,\"caption\":\"Wellogi Academy\"},\"image\":{\"@id\":\"https:\\\/\\\/www.wellogi.com\\\/cursos\\\/#\\\/schema\\\/logo\\\/image\\\/\"},\"sameAs\":[\"https:\\\/\\\/www.facebook.com\\\/WellogiApp\",\"https:\\\/\\\/x.com\\\/Wellogi_App\",\"https:\\\/\\\/www.instagram.com\\\/wellogi_app\\\/\",\"https:\\\/\\\/www.linkedin.com\\\/in\\\/luis-gomez-wellogi\\\/\",\"https:\\\/\\\/www.youtube.com\\\/c\\\/Wellogi\\\/videos\"]}]}<\/script>\n<!-- \/ Yoast SEO plugin. -->","yoast_head_json":{"title":"Distintivo Digital. PROFECO - Wellogi Academy","description":"Plataforma de capacitaci\u00f3n acad\u00e9mica continua as\u00edncrona especializada en Nutricion, Entrenamiento, Recomposici\u00f3n Corporal, Fitness y Wellness.","robots":{"index":"index","follow":"follow","max-snippet":"max-snippet:-1","max-image-preview":"max-image-preview:large","max-video-preview":"max-video-preview:-1"},"canonical":"https:\/\/www.wellogi.com\/cursos\/distintivo-digital-profeco\/","og_locale":"es_MX","og_type":"article","og_title":"Distintivo Digital. PROFECO - Wellogi Academy","og_description":"Plataforma de capacitaci\u00f3n acad\u00e9mica continua as\u00edncrona especializada en Nutricion, Entrenamiento, Recomposici\u00f3n Corporal, Fitness y Wellness.","og_url":"https:\/\/www.wellogi.com\/cursos\/distintivo-digital-profeco\/","og_site_name":"Wellogi Academy","article_publisher":"https:\/\/www.facebook.com\/WellogiApp","article_modified_time":"2026-02-06T15:23:03+00:00","og_image":[{"width":1564,"height":818,"url":"https:\/\/www.wellogi.com\/cursos\/wp-content\/uploads\/2023\/03\/banner_distintivo_digital_profeco_SOLO-01.jpg","type":"image\/jpeg"}],"twitter_card":"summary_large_image","twitter_site":"@Wellogi_App","schema":{"@context":"https:\/\/schema.org","@graph":[{"@type":"WebPage","@id":"https:\/\/www.wellogi.com\/cursos\/distintivo-digital-profeco\/","url":"https:\/\/www.wellogi.com\/cursos\/distintivo-digital-profeco\/","name":"Distintivo Digital. PROFECO - Wellogi Academy","isPartOf":{"@id":"https:\/\/www.wellogi.com\/cursos\/#website"},"primaryImageOfPage":{"@id":"https:\/\/www.wellogi.com\/cursos\/distintivo-digital-profeco\/#primaryimage"},"image":{"@id":"https:\/\/www.wellogi.com\/cursos\/distintivo-digital-profeco\/#primaryimage"},"thumbnailUrl":"https:\/\/www.wellogi.com\/cursos\/wp-content\/uploads\/2023\/03\/banner_distintivo_digital_profeco_SOLO-01-1024x536.jpg","datePublished":"2023-03-30T20:14:42+00:00","dateModified":"2026-02-06T15:23:03+00:00","description":"Plataforma de capacitaci\u00f3n acad\u00e9mica continua as\u00edncrona especializada en Nutricion, Entrenamiento, Recomposici\u00f3n Corporal, Fitness y Wellness.","breadcrumb":{"@id":"https:\/\/www.wellogi.com\/cursos\/distintivo-digital-profeco\/#breadcrumb"},"inLanguage":"es","potentialAction":[{"@type":"ReadAction","target":["https:\/\/www.wellogi.com\/cursos\/distintivo-digital-profeco\/"]}]},{"@type":"ImageObject","inLanguage":"es","@id":"https:\/\/www.wellogi.com\/cursos\/distintivo-digital-profeco\/#primaryimage","url":"https:\/\/www.wellogi.com\/cursos\/wp-content\/uploads\/2023\/03\/banner_distintivo_digital_profeco_SOLO-01.jpg","contentUrl":"https:\/\/www.wellogi.com\/cursos\/wp-content\/uploads\/2023\/03\/banner_distintivo_digital_profeco_SOLO-01.jpg","width":1564,"height":818,"caption":"Distintivo Digital"},{"@type":"BreadcrumbList","@id":"https:\/\/www.wellogi.com\/cursos\/distintivo-digital-profeco\/#breadcrumb","itemListElement":[{"@type":"ListItem","position":1,"name":"Inicio","item":"https:\/\/www.wellogi.com\/cursos\/"},{"@type":"ListItem","position":2,"name":"Distintivo Digital. PROFECO"}]},{"@type":"WebSite","@id":"https:\/\/www.wellogi.com\/cursos\/#website","url":"https:\/\/www.wellogi.com\/cursos\/","name":"Wellogi Academy","description":"Plataforma de capacitaci\u00f3n acad\u00e9mica continua as\u00edncrona.","publisher":{"@id":"https:\/\/www.wellogi.com\/cursos\/#organization"},"potentialAction":[{"@type":"SearchAction","target":{"@type":"EntryPoint","urlTemplate":"https:\/\/www.wellogi.com\/cursos\/?s={search_term_string}"},"query-input":{"@type":"PropertyValueSpecification","valueRequired":true,"valueName":"search_term_string"}}],"inLanguage":"es"},{"@type":"Organization","@id":"https:\/\/www.wellogi.com\/cursos\/#organization","name":"Wellogi Academy","url":"https:\/\/www.wellogi.com\/cursos\/","logo":{"@type":"ImageObject","inLanguage":"es","@id":"https:\/\/www.wellogi.com\/cursos\/#\/schema\/logo\/image\/","url":"https:\/\/www.wellogi.com\/cursos\/wp-content\/uploads\/2021\/11\/Logo-y-Slogan-transparente-final-.png","contentUrl":"https:\/\/www.wellogi.com\/cursos\/wp-content\/uploads\/2021\/11\/Logo-y-Slogan-transparente-final-.png","width":5042,"height":4883,"caption":"Wellogi Academy"},"image":{"@id":"https:\/\/www.wellogi.com\/cursos\/#\/schema\/logo\/image\/"},"sameAs":["https:\/\/www.facebook.com\/WellogiApp","https:\/\/x.com\/Wellogi_App","https:\/\/www.instagram.com\/wellogi_app\/","https:\/\/www.linkedin.com\/in\/luis-gomez-wellogi\/","https:\/\/www.youtube.com\/c\/Wellogi\/videos"]}]}},"_links":{"self":[{"href":"https:\/\/www.wellogi.com\/cursos\/wp-json\/wp\/v2\/pages\/91754","targetHints":{"allow":["GET"]}}],"collection":[{"href":"https:\/\/www.wellogi.com\/cursos\/wp-json\/wp\/v2\/pages"}],"about":[{"href":"https:\/\/www.wellogi.com\/cursos\/wp-json\/wp\/v2\/types\/page"}],"author":[{"embeddable":true,"href":"https:\/\/www.wellogi.com\/cursos\/wp-json\/wp\/v2\/users\/2"}],"replies":[{"embeddable":true,"href":"https:\/\/www.wellogi.com\/cursos\/wp-json\/wp\/v2\/comments?post=91754"}],"version-history":[{"count":7,"href":"https:\/\/www.wellogi.com\/cursos\/wp-json\/wp\/v2\/pages\/91754\/revisions"}],"predecessor-version":[{"id":115841,"href":"https:\/\/www.wellogi.com\/cursos\/wp-json\/wp\/v2\/pages\/91754\/revisions\/115841"}],"wp:attachment":[{"href":"https:\/\/www.wellogi.com\/cursos\/wp-json\/wp\/v2\/media?parent=91754"}],"curies":[{"name":"wp","href":"https:\/\/api.w.org\/{rel}","templated":true}]}}