{"id":90878,"date":"2023-03-15T16:25:28","date_gmt":"2023-03-15T22:25:28","guid":{"rendered":"https:\/\/www.wellogi.com\/cursos\/?page_id=90878"},"modified":"2026-02-23T19:20:38","modified_gmt":"2026-02-24T01:20:38","slug":"propiedad-intelectual-y-derechos-de-autor","status":"publish","type":"page","link":"https:\/\/www.wellogi.com\/cursos\/propiedad-intelectual-y-derechos-de-autor\/","title":{"rendered":"Propiedad Intelectual y Derechos de Autor"},"content":{"rendered":"\n<div class=\"wp-block-columns is-layout-flex wp-container-core-columns-is-layout-9d6595d7 wp-block-columns-is-layout-flex\">\n<div class=\"wp-block-column is-layout-flow wp-block-column-is-layout-flow\">\n<figure class=\"wp-block-image aligncenter size-full is-resized\"><a href=\"https:\/\/www.gob.mx\/impi\"><img fetchpriority=\"high\" decoding=\"async\" width=\"540\" height=\"165\" src=\"https:\/\/www.wellogi.com\/cursos\/wp-content\/uploads\/2023\/09\/IMPI-logo.png\" alt=\"IMPI\" class=\"wp-image-105042\" style=\"width:374px;height:261px\" srcset=\"https:\/\/www.wellogi.com\/cursos\/wp-content\/uploads\/2023\/09\/IMPI-logo.png 540w, https:\/\/www.wellogi.com\/cursos\/wp-content\/uploads\/2023\/09\/IMPI-logo-300x92.png 300w, https:\/\/www.wellogi.com\/cursos\/wp-content\/uploads\/2023\/09\/IMPI-logo-200x61.png 200w, https:\/\/www.wellogi.com\/cursos\/wp-content\/uploads\/2023\/09\/IMPI-logo-400x122.png 400w, https:\/\/www.wellogi.com\/cursos\/wp-content\/uploads\/2023\/09\/IMPI-logo-100x31.png 100w, https:\/\/www.wellogi.com\/cursos\/wp-content\/uploads\/2023\/09\/IMPI-logo-150x46.png 150w, https:\/\/www.wellogi.com\/cursos\/wp-content\/uploads\/2023\/09\/IMPI-logo-450x138.png 450w\" sizes=\"(max-width: 540px) 100vw, 540px\" \/><\/a><figcaption class=\"wp-element-caption\">IMPI<\/figcaption><\/figure>\n<\/div>\n<\/div>\n\n\n\n<figure class=\"wp-block-image aligncenter size-full is-resized\"><a href=\"https:\/\/www.indautor.gob.mx\/\"><img decoding=\"async\" width=\"678\" height=\"262\" src=\"https:\/\/www.wellogi.com\/cursos\/wp-content\/uploads\/2023\/09\/INDAUTOR-logo.png\" alt=\"INDAUTOR\" class=\"wp-image-105043\" style=\"width:393px;height:149px\" srcset=\"https:\/\/www.wellogi.com\/cursos\/wp-content\/uploads\/2023\/09\/INDAUTOR-logo.png 678w, https:\/\/www.wellogi.com\/cursos\/wp-content\/uploads\/2023\/09\/INDAUTOR-logo-300x116.png 300w, https:\/\/www.wellogi.com\/cursos\/wp-content\/uploads\/2023\/09\/INDAUTOR-logo-200x77.png 200w, https:\/\/www.wellogi.com\/cursos\/wp-content\/uploads\/2023\/09\/INDAUTOR-logo-400x155.png 400w, https:\/\/www.wellogi.com\/cursos\/wp-content\/uploads\/2023\/09\/INDAUTOR-logo-100x39.png 100w, https:\/\/www.wellogi.com\/cursos\/wp-content\/uploads\/2023\/09\/INDAUTOR-logo-150x58.png 150w, https:\/\/www.wellogi.com\/cursos\/wp-content\/uploads\/2023\/09\/INDAUTOR-logo-450x174.png 450w, https:\/\/www.wellogi.com\/cursos\/wp-content\/uploads\/2023\/09\/INDAUTOR-logo-600x232.png 600w\" sizes=\"(max-width: 678px) 100vw, 678px\" \/><\/a><figcaption class=\"wp-element-caption\">INDAUTOR<\/figcaption><\/figure>\n\n\n\n<figure class=\"wp-block-image aligncenter size-full\"><a href=\"https:\/\/www.safecreative.org\/es\"><img decoding=\"async\" width=\"355\" height=\"142\" src=\"https:\/\/www.wellogi.com\/cursos\/wp-content\/uploads\/2025\/09\/SafeCreative.png\" alt=\"\" class=\"wp-image-115021\" srcset=\"https:\/\/www.wellogi.com\/cursos\/wp-content\/uploads\/2025\/09\/SafeCreative.png 355w, https:\/\/www.wellogi.com\/cursos\/wp-content\/uploads\/2025\/09\/SafeCreative-300x120.png 300w, https:\/\/www.wellogi.com\/cursos\/wp-content\/uploads\/2025\/09\/SafeCreative-200x80.png 200w, https:\/\/www.wellogi.com\/cursos\/wp-content\/uploads\/2025\/09\/SafeCreative-100x40.png 100w, https:\/\/www.wellogi.com\/cursos\/wp-content\/uploads\/2025\/09\/SafeCreative-150x60.png 150w\" sizes=\"(max-width: 355px) 100vw, 355px\" \/><\/a><figcaption class=\"wp-element-caption\">SafeCreative<\/figcaption><\/figure>\n\n\n\n<p class=\"has-large-font-size\"><strong>Registros ante el Instituto Mexicano de la Propiedad Industrial <a href=\"https:\/\/www.gob.mx\/impi\">(IMPI) <\/a><\/strong><\/p>\n\n\n\n<div data-wp-interactive=\"core\/file\" class=\"wp-block-file\"><object data-wp-bind--hidden=\"!state.hasPdfPreview\" hidden class=\"wp-block-file__embed\" data=\"https:\/\/www.wellogi.com\/cursos\/wp-content\/uploads\/2023\/03\/Solicitud-de-registro-de-marca-ante-el-IMPI.-Logo-y-Nombre-Wellogi.pdf\" type=\"application\/pdf\" style=\"width:100%;height:872px\" aria-label=\"Incrustado de Solicitud-de-registro-de-marca-ante-el-IMPI.-Logo-y-Nombre-Wellogi.\"><\/object><a id=\"wp-block-file--media-c1a446b4-13a3-4d57-afb0-c6afc46fd699\" href=\"https:\/\/www.wellogi.com\/cursos\/wp-content\/uploads\/2023\/03\/Solicitud-de-registro-de-marca-ante-el-IMPI.-Logo-y-Nombre-Wellogi.pdf\">Solicitud-de-registro-de-marca-ante-el-IMPI.-Logo-y-Nombre-Wellogi<\/a><\/div>\n\n\n\n<div data-wp-interactive=\"core\/file\" class=\"wp-block-file\"><object data-wp-bind--hidden=\"!state.hasPdfPreview\" hidden class=\"wp-block-file__embed\" data=\"https:\/\/www.wellogi.com\/cursos\/wp-content\/uploads\/2026\/02\/Expediente-de-uso-de-logotipo-de-marca-Wellogi.-IMPI.pdf\" type=\"application\/pdf\" style=\"width:100%;height:600px\" aria-label=\"Incrustado de Expediente de uso de logotipo de marca Wellogi. IMPI.\"><\/object><a id=\"wp-block-file--media-fdabe124-7e1d-4356-8ebb-e9dd96a5cf88\" href=\"https:\/\/www.wellogi.com\/cursos\/wp-content\/uploads\/2026\/02\/Expediente-de-uso-de-logotipo-de-marca-Wellogi.-IMPI.pdf\">Expediente de uso de logotipo de marca Wellogi. IMPI<\/a><a href=\"https:\/\/www.wellogi.com\/cursos\/wp-content\/uploads\/2026\/02\/Expediente-de-uso-de-logotipo-de-marca-Wellogi.-IMPI.pdf\" class=\"wp-block-file__button wp-element-button\" download aria-describedby=\"wp-block-file--media-fdabe124-7e1d-4356-8ebb-e9dd96a5cf88\">Descarga<\/a><\/div>\n\n\n\n<p><\/p>\n\n\n\n<div data-wp-interactive=\"core\/file\" class=\"wp-block-file\"><object data-wp-bind--hidden=\"!state.hasPdfPreview\" hidden class=\"wp-block-file__embed\" data=\"https:\/\/www.wellogi.com\/cursos\/wp-content\/uploads\/2023\/03\/Registro-ante-el-IMPI-de-Wellogi.pdf\" type=\"application\/pdf\" style=\"width:100%;height:854px\" aria-label=\"Incrustado de Registro-ante-el-IMPI-de-Wellogi.\"><\/object><a id=\"wp-block-file--media-1a9ccd59-2132-4e9f-9081-0a8ce9bdf290\" href=\"https:\/\/www.wellogi.com\/cursos\/wp-content\/uploads\/2023\/03\/Registro-ante-el-IMPI-de-Wellogi.pdf\">Registro-ante-el-IMPI-de-Wellogi<\/a><\/div>\n\n\n\n<div data-wp-interactive=\"core\/file\" class=\"wp-block-file\"><object data-wp-bind--hidden=\"!state.hasPdfPreview\" hidden class=\"wp-block-file__embed\" data=\"https:\/\/www.wellogi.com\/cursos\/wp-content\/uploads\/2026\/02\/Expedient-de-uso-de-nombre-de-marca-Wellogi.-IMPI.pdf\" type=\"application\/pdf\" style=\"width:100%;height:600px\" aria-label=\"Incrustado de Expedient de uso de nombre de marca Wellogi. IMPI.\"><\/object><a id=\"wp-block-file--media-a2b7f31b-1dc1-4a72-8e7c-e7424367a15c\" href=\"https:\/\/www.wellogi.com\/cursos\/wp-content\/uploads\/2026\/02\/Expedient-de-uso-de-nombre-de-marca-Wellogi.-IMPI.pdf\">Expedient de uso de nombre de marca Wellogi. IMPI<\/a><a href=\"https:\/\/www.wellogi.com\/cursos\/wp-content\/uploads\/2026\/02\/Expedient-de-uso-de-nombre-de-marca-Wellogi.-IMPI.pdf\" class=\"wp-block-file__button wp-element-button\" download aria-describedby=\"wp-block-file--media-a2b7f31b-1dc1-4a72-8e7c-e7424367a15c\">Descarga<\/a><\/div>\n\n\n\n<p><\/p>\n\n\n\n<div data-wp-interactive=\"core\/file\" class=\"wp-block-file\"><object data-wp-bind--hidden=\"!state.hasPdfPreview\" hidden class=\"wp-block-file__embed\" data=\"https:\/\/www.wellogi.com\/cursos\/wp-content\/uploads\/2023\/03\/Titulo-IMPI.-Better-Together.pdf\" type=\"application\/pdf\" style=\"width:100%;height:775px\" aria-label=\"Incrustado de Titulo-IMPI.-Better-Together.\"><\/object><a id=\"wp-block-file--media-fd462f32-d831-46d0-b85a-a9c8099b51b2\" href=\"https:\/\/www.wellogi.com\/cursos\/wp-content\/uploads\/2023\/03\/Titulo-IMPI.-Better-Together.pdf\">Titulo-IMPI.-Better-Together<\/a><\/div>\n\n\n\n<p><\/p>\n\n\n\n<p class=\"has-large-font-size\"><strong>Registro ante Instituto Nacional del Derecho de Autor<a href=\"http:\/\/www.indautor.gob.mx\/\"> (INDAUTOR)<\/a><\/strong><\/p>\n\n\n\n<div data-wp-interactive=\"core\/file\" class=\"wp-block-file\"><object data-wp-bind--hidden=\"!state.hasPdfPreview\" hidden class=\"wp-block-file__embed\" data=\"https:\/\/www.wellogi.com\/cursos\/wp-content\/uploads\/2023\/03\/Certificado-ante-INDAUTOR.-Wellogi-Book.pdf\" type=\"application\/pdf\" style=\"width:100%;height:600px\" aria-label=\"Incrustado de Certificado-ante-INDAUTOR.-Wellogi-Book.\"><\/object><a id=\"wp-block-file--media-5763c9b7-67be-4eb3-a666-d4a903007be0\" href=\"https:\/\/www.wellogi.com\/cursos\/wp-content\/uploads\/2023\/03\/Certificado-ante-INDAUTOR.-Wellogi-Book.pdf\">Certificado-ante-INDAUTOR.-Wellogi-Book<\/a><\/div>\n\n\n\n<h2 class=\"wp-block-heading\">Registros del ISBN (International Standar Book Number)<\/h2>\n\n\n\n<p>Libro digital; &#8220;Todo lo que un Profesional Exitoso debe saber sobre el Fitness&#8221; <\/p>\n\n\n\n<div data-wp-interactive=\"core\/file\" class=\"wp-block-file\"><object data-wp-bind--hidden=\"!state.hasPdfPreview\" hidden class=\"wp-block-file__embed\" data=\"https:\/\/www.wellogi.com\/cursos\/wp-content\/uploads\/2023\/09\/ISBN.-Wellogi-Book-digital.pdf\" type=\"application\/pdf\" style=\"width:100%;height:600px\" aria-label=\"Incrustado de ISBN.-Wellogi-Book-digital.\"><\/object><a id=\"wp-block-file--media-6a0c164e-95f1-47af-8a8e-12cf51d41795\" href=\"https:\/\/www.wellogi.com\/cursos\/wp-content\/uploads\/2023\/09\/ISBN.-Wellogi-Book-digital.pdf\">ISBN.-Wellogi-Book-digital<\/a><a href=\"https:\/\/www.wellogi.com\/cursos\/wp-content\/uploads\/2023\/09\/ISBN.-Wellogi-Book-digital.pdf\" class=\"wp-block-file__button wp-element-button\" download aria-describedby=\"wp-block-file--media-6a0c164e-95f1-47af-8a8e-12cf51d41795\">Descarga<\/a><\/div>\n\n\n\n<p>Libro f\u00edsico &#8220;Todo lo que un Profesional Exitoso debe saber sobre el Fitness&#8221; <\/p>\n\n\n\n<div data-wp-interactive=\"core\/file\" class=\"wp-block-file\"><object data-wp-bind--hidden=\"!state.hasPdfPreview\" hidden class=\"wp-block-file__embed\" data=\"https:\/\/www.wellogi.com\/cursos\/wp-content\/uploads\/2023\/09\/ISBN.-Wellogi-Book-fiscio.pdf\" type=\"application\/pdf\" style=\"width:100%;height:600px\" aria-label=\"Incrustado de ISBN. Wellogi Book (fiscio).\"><\/object><a id=\"wp-block-file--media-faf77111-09b6-46ef-acd0-0469a8e17a38\" href=\"https:\/\/www.wellogi.com\/cursos\/wp-content\/uploads\/2023\/09\/ISBN.-Wellogi-Book-fiscio.pdf\">ISBN. Wellogi Book (fiscio)<\/a><a href=\"https:\/\/www.wellogi.com\/cursos\/wp-content\/uploads\/2023\/09\/ISBN.-Wellogi-Book-fiscio.pdf\" class=\"wp-block-file__button wp-element-button\" download aria-describedby=\"wp-block-file--media-faf77111-09b6-46ef-acd0-0469a8e17a38\">Descarga<\/a><\/div>\n\n\n\n<h2 class=\"wp-block-heading\">Safe Creative.<\/h2>\n\n\n\n<p>Inscripci\u00f3n Declarativa de Derechos de la obra &#8216;Todo lo que un profesional exitoso debe saber sobre el Fitness&#8217;.<\/p>\n\n\n\n<div data-wp-interactive=\"core\/file\" class=\"wp-block-file\"><object data-wp-bind--hidden=\"!state.hasPdfPreview\" hidden class=\"wp-block-file__embed\" data=\"https:\/\/www.wellogi.com\/cursos\/wp-content\/uploads\/2025\/08\/Inscripcion-Declarativa-de-Derechos-de-la-obra-Todo-lo-que-un-profesional-exitoso-debe-saber-sobre-el-Fitness.pdf\" type=\"application\/pdf\" style=\"width:100%;height:600px\" aria-label=\"Incrustado de Inscripcion Declarativa de Derechos de la obra &apos;Todo lo que un profesional exitoso debe saber sobre el Fitness&apos;..\"><\/object><a id=\"wp-block-file--media-0c7f505c-d763-46e2-8933-7db6e5b23f09\" href=\"https:\/\/www.wellogi.com\/cursos\/wp-content\/uploads\/2025\/08\/Inscripcion-Declarativa-de-Derechos-de-la-obra-Todo-lo-que-un-profesional-exitoso-debe-saber-sobre-el-Fitness.pdf\">Inscripcion Declarativa de Derechos de la obra &#8216;Todo lo que un profesional exitoso debe saber sobre el Fitness&#8217;.<\/a><a href=\"https:\/\/www.wellogi.com\/cursos\/wp-content\/uploads\/2025\/08\/Inscripcion-Declarativa-de-Derechos-de-la-obra-Todo-lo-que-un-profesional-exitoso-debe-saber-sobre-el-Fitness.pdf\" class=\"wp-block-file__button wp-element-button\" download aria-describedby=\"wp-block-file--media-0c7f505c-d763-46e2-8933-7db6e5b23f09\">Descarga<\/a><\/div>\n\n\n\n<p>Certificado de Inscripci\u00f3n de la obra &#8216;Todo lo que un profesional exitoso debe saber sobre el Fitness&#8217;.<\/p>\n\n\n\n<div data-wp-interactive=\"core\/file\" class=\"wp-block-file\"><object data-wp-bind--hidden=\"!state.hasPdfPreview\" hidden class=\"wp-block-file__embed\" data=\"https:\/\/www.wellogi.com\/cursos\/wp-content\/uploads\/2025\/08\/Certificado-de-inscripcion-de-la-obra-Todo-lo-que-un-profesional-exitoso-debe-saber-sobre-el-Fitness.pdf\" type=\"application\/pdf\" style=\"width:100%;height:600px\" aria-label=\"Incrustado de Certificado de inscripci\u00f3n de la obra &apos;Todo lo que un profesional exitoso debe saber sobre el Fitness&apos;..\"><\/object><a id=\"wp-block-file--media-16d53bdb-ff3c-4bea-84d7-bd98dd3fafee\" href=\"https:\/\/www.wellogi.com\/cursos\/wp-content\/uploads\/2025\/08\/Certificado-de-inscripcion-de-la-obra-Todo-lo-que-un-profesional-exitoso-debe-saber-sobre-el-Fitness.pdf\">Certificado de inscripci\u00f3n de la obra &#8216;Todo lo que un profesional exitoso debe saber sobre el Fitness&#8217;.<\/a><a href=\"https:\/\/www.wellogi.com\/cursos\/wp-content\/uploads\/2025\/08\/Certificado-de-inscripcion-de-la-obra-Todo-lo-que-un-profesional-exitoso-debe-saber-sobre-el-Fitness.pdf\" class=\"wp-block-file__button wp-element-button\" download aria-describedby=\"wp-block-file--media-16d53bdb-ff3c-4bea-84d7-bd98dd3fafee\">Descarga<\/a><\/div>\n\n\n\n<p>Certificado de Registro de la obra Todo lo que un profesional exitoso debe saber sobre el Fitness.<\/p>\n\n\n\n<div data-wp-interactive=\"core\/file\" class=\"wp-block-file\"><object data-wp-bind--hidden=\"!state.hasPdfPreview\" hidden class=\"wp-block-file__embed\" data=\"https:\/\/www.wellogi.com\/cursos\/wp-content\/uploads\/2025\/08\/Certificado-de-Registro-de-la-obra-Todo-lo-que-un-profesional-exitoso-debe-saber-sobre-el-Fitness.-SafeCreative.pdf\" type=\"application\/pdf\" style=\"width:100%;height:600px\" aria-label=\"Incrustado de Certificado de Registro de la obra Todo lo que un profesional exitoso debe saber sobre el Fitness. SafeCreative.\"><\/object><a id=\"wp-block-file--media-e616b1c7-f62a-40f8-95ce-f64049b7981f\" href=\"https:\/\/www.wellogi.com\/cursos\/wp-content\/uploads\/2025\/08\/Certificado-de-Registro-de-la-obra-Todo-lo-que-un-profesional-exitoso-debe-saber-sobre-el-Fitness.-SafeCreative.pdf\">Certificado de Registro de la obra Todo lo que un profesional exitoso debe saber sobre el Fitness. SafeCreative<\/a><a href=\"https:\/\/www.wellogi.com\/cursos\/wp-content\/uploads\/2025\/08\/Certificado-de-Registro-de-la-obra-Todo-lo-que-un-profesional-exitoso-debe-saber-sobre-el-Fitness.-SafeCreative.pdf\" class=\"wp-block-file__button wp-element-button\" download aria-describedby=\"wp-block-file--media-e616b1c7-f62a-40f8-95ce-f64049b7981f\">Descarga<\/a><\/div>\n","protected":false},"excerpt":{"rendered":"<p>Registros ante el Instituto Mexicano de la Propiedad Industrial (IMPI) Registro ante Instituto Nacional del Derecho de Autor (INDAUTOR) Registros del ISBN (International Standar Book Number) Libro digital; &#8220;Todo lo que un Profesional Exitoso debe saber sobre el Fitness&#8221; Libro &hellip;<\/p>\n<p class=\"read-more\"> <a class=\"more-link\" href=\"https:\/\/www.wellogi.com\/cursos\/propiedad-intelectual-y-derechos-de-autor\/\"> <span class=\"screen-reader-text\">Propiedad Intelectual y Derechos de Autor<\/span> Leer m\u00e1s \u00bb<\/a><\/p>\n","protected":false},"author":3,"featured_media":0,"parent":0,"menu_order":0,"comment_status":"closed","ping_status":"closed","template":"","meta":{"footnotes":""},"class_list":["post-90878","page","type-page","status-publish","hentry"],"yoast_head":"<!-- This site is optimized with the Yoast SEO plugin v27.4 - https:\/\/yoast.com\/product\/yoast-seo-wordpress\/ -->\n<title>Propiedad Intelectual y Derechos de Autor - Wellogi Academy<\/title>\n<meta name=\"description\" content=\"Plataforma de capacitaci\u00f3n acad\u00e9mica continua as\u00edncrona especializada en Nutricion, Entrenamiento, Recomposici\u00f3n Corporal, Fitness y Wellness.\" \/>\n<meta name=\"robots\" content=\"index, follow, max-snippet:-1, max-image-preview:large, max-video-preview:-1\" \/>\n<link rel=\"canonical\" href=\"https:\/\/www.wellogi.com\/cursos\/propiedad-intelectual-y-derechos-de-autor\/\" \/>\n<meta property=\"og:locale\" content=\"es_MX\" \/>\n<meta property=\"og:type\" content=\"article\" \/>\n<meta property=\"og:title\" content=\"Propiedad Intelectual y Derechos de Autor - Wellogi Academy\" \/>\n<meta property=\"og:description\" content=\"Plataforma de capacitaci\u00f3n acad\u00e9mica continua as\u00edncrona especializada en Nutricion, Entrenamiento, Recomposici\u00f3n Corporal, Fitness y Wellness.\" \/>\n<meta property=\"og:url\" content=\"https:\/\/www.wellogi.com\/cursos\/propiedad-intelectual-y-derechos-de-autor\/\" \/>\n<meta property=\"og:site_name\" content=\"Wellogi Academy\" \/>\n<meta property=\"article:publisher\" content=\"https:\/\/www.facebook.com\/WellogiApp\" \/>\n<meta property=\"article:modified_time\" content=\"2026-02-24T01:20:38+00:00\" \/>\n<meta property=\"og:image\" content=\"https:\/\/www.wellogi.com\/cursos\/wp-content\/uploads\/2023\/09\/IMPI-logo.png\" \/>\n\t<meta property=\"og:image:width\" content=\"540\" \/>\n\t<meta property=\"og:image:height\" content=\"165\" \/>\n\t<meta property=\"og:image:type\" content=\"image\/png\" \/>\n<meta name=\"twitter:card\" content=\"summary_large_image\" \/>\n<meta name=\"twitter:site\" content=\"@Wellogi_App\" \/>\n<script type=\"application\/ld+json\" class=\"yoast-schema-graph\">{\"@context\":\"https:\\\/\\\/schema.org\",\"@graph\":[{\"@type\":\"WebPage\",\"@id\":\"https:\\\/\\\/www.wellogi.com\\\/cursos\\\/propiedad-intelectual-y-derechos-de-autor\\\/\",\"url\":\"https:\\\/\\\/www.wellogi.com\\\/cursos\\\/propiedad-intelectual-y-derechos-de-autor\\\/\",\"name\":\"Propiedad Intelectual y Derechos de Autor - Wellogi Academy\",\"isPartOf\":{\"@id\":\"https:\\\/\\\/www.wellogi.com\\\/cursos\\\/#website\"},\"primaryImageOfPage\":{\"@id\":\"https:\\\/\\\/www.wellogi.com\\\/cursos\\\/propiedad-intelectual-y-derechos-de-autor\\\/#primaryimage\"},\"image\":{\"@id\":\"https:\\\/\\\/www.wellogi.com\\\/cursos\\\/propiedad-intelectual-y-derechos-de-autor\\\/#primaryimage\"},\"thumbnailUrl\":\"https:\\\/\\\/www.wellogi.com\\\/cursos\\\/wp-content\\\/uploads\\\/2023\\\/09\\\/IMPI-logo.png\",\"datePublished\":\"2023-03-15T22:25:28+00:00\",\"dateModified\":\"2026-02-24T01:20:38+00:00\",\"description\":\"Plataforma de capacitaci\u00f3n acad\u00e9mica continua as\u00edncrona especializada en Nutricion, Entrenamiento, Recomposici\u00f3n Corporal, Fitness y Wellness.\",\"breadcrumb\":{\"@id\":\"https:\\\/\\\/www.wellogi.com\\\/cursos\\\/propiedad-intelectual-y-derechos-de-autor\\\/#breadcrumb\"},\"inLanguage\":\"es\",\"potentialAction\":[{\"@type\":\"ReadAction\",\"target\":[\"https:\\\/\\\/www.wellogi.com\\\/cursos\\\/propiedad-intelectual-y-derechos-de-autor\\\/\"]}]},{\"@type\":\"ImageObject\",\"inLanguage\":\"es\",\"@id\":\"https:\\\/\\\/www.wellogi.com\\\/cursos\\\/propiedad-intelectual-y-derechos-de-autor\\\/#primaryimage\",\"url\":\"https:\\\/\\\/www.wellogi.com\\\/cursos\\\/wp-content\\\/uploads\\\/2023\\\/09\\\/IMPI-logo.png\",\"contentUrl\":\"https:\\\/\\\/www.wellogi.com\\\/cursos\\\/wp-content\\\/uploads\\\/2023\\\/09\\\/IMPI-logo.png\",\"width\":540,\"height\":165,\"caption\":\"IMPI\"},{\"@type\":\"BreadcrumbList\",\"@id\":\"https:\\\/\\\/www.wellogi.com\\\/cursos\\\/propiedad-intelectual-y-derechos-de-autor\\\/#breadcrumb\",\"itemListElement\":[{\"@type\":\"ListItem\",\"position\":1,\"name\":\"Inicio\",\"item\":\"https:\\\/\\\/www.wellogi.com\\\/cursos\\\/\"},{\"@type\":\"ListItem\",\"position\":2,\"name\":\"Propiedad Intelectual y Derechos de Autor\"}]},{\"@type\":\"WebSite\",\"@id\":\"https:\\\/\\\/www.wellogi.com\\\/cursos\\\/#website\",\"url\":\"https:\\\/\\\/www.wellogi.com\\\/cursos\\\/\",\"name\":\"Wellogi Academy\",\"description\":\"Plataforma de capacitaci\u00f3n acad\u00e9mica continua as\u00edncrona.\",\"publisher\":{\"@id\":\"https:\\\/\\\/www.wellogi.com\\\/cursos\\\/#organization\"},\"potentialAction\":[{\"@type\":\"SearchAction\",\"target\":{\"@type\":\"EntryPoint\",\"urlTemplate\":\"https:\\\/\\\/www.wellogi.com\\\/cursos\\\/?s={search_term_string}\"},\"query-input\":{\"@type\":\"PropertyValueSpecification\",\"valueRequired\":true,\"valueName\":\"search_term_string\"}}],\"inLanguage\":\"es\"},{\"@type\":\"Organization\",\"@id\":\"https:\\\/\\\/www.wellogi.com\\\/cursos\\\/#organization\",\"name\":\"Wellogi Academy\",\"url\":\"https:\\\/\\\/www.wellogi.com\\\/cursos\\\/\",\"logo\":{\"@type\":\"ImageObject\",\"inLanguage\":\"es\",\"@id\":\"https:\\\/\\\/www.wellogi.com\\\/cursos\\\/#\\\/schema\\\/logo\\\/image\\\/\",\"url\":\"https:\\\/\\\/www.wellogi.com\\\/cursos\\\/wp-content\\\/uploads\\\/2021\\\/11\\\/Logo-y-Slogan-transparente-final-.png\",\"contentUrl\":\"https:\\\/\\\/www.wellogi.com\\\/cursos\\\/wp-content\\\/uploads\\\/2021\\\/11\\\/Logo-y-Slogan-transparente-final-.png\",\"width\":5042,\"height\":4883,\"caption\":\"Wellogi Academy\"},\"image\":{\"@id\":\"https:\\\/\\\/www.wellogi.com\\\/cursos\\\/#\\\/schema\\\/logo\\\/image\\\/\"},\"sameAs\":[\"https:\\\/\\\/www.facebook.com\\\/WellogiApp\",\"https:\\\/\\\/x.com\\\/Wellogi_App\",\"https:\\\/\\\/www.instagram.com\\\/wellogi_app\\\/\",\"https:\\\/\\\/www.linkedin.com\\\/in\\\/luis-gomez-wellogi\\\/\",\"https:\\\/\\\/www.youtube.com\\\/c\\\/Wellogi\\\/videos\"]}]}<\/script>\n<!-- \/ Yoast SEO plugin. -->","yoast_head_json":{"title":"Propiedad Intelectual y Derechos de Autor - Wellogi Academy","description":"Plataforma de capacitaci\u00f3n acad\u00e9mica continua as\u00edncrona especializada en Nutricion, Entrenamiento, Recomposici\u00f3n Corporal, Fitness y Wellness.","robots":{"index":"index","follow":"follow","max-snippet":"max-snippet:-1","max-image-preview":"max-image-preview:large","max-video-preview":"max-video-preview:-1"},"canonical":"https:\/\/www.wellogi.com\/cursos\/propiedad-intelectual-y-derechos-de-autor\/","og_locale":"es_MX","og_type":"article","og_title":"Propiedad Intelectual y Derechos de Autor - Wellogi Academy","og_description":"Plataforma de capacitaci\u00f3n acad\u00e9mica continua as\u00edncrona especializada en Nutricion, Entrenamiento, Recomposici\u00f3n Corporal, Fitness y Wellness.","og_url":"https:\/\/www.wellogi.com\/cursos\/propiedad-intelectual-y-derechos-de-autor\/","og_site_name":"Wellogi Academy","article_publisher":"https:\/\/www.facebook.com\/WellogiApp","article_modified_time":"2026-02-24T01:20:38+00:00","og_image":[{"width":540,"height":165,"url":"https:\/\/www.wellogi.com\/cursos\/wp-content\/uploads\/2023\/09\/IMPI-logo.png","type":"image\/png"}],"twitter_card":"summary_large_image","twitter_site":"@Wellogi_App","schema":{"@context":"https:\/\/schema.org","@graph":[{"@type":"WebPage","@id":"https:\/\/www.wellogi.com\/cursos\/propiedad-intelectual-y-derechos-de-autor\/","url":"https:\/\/www.wellogi.com\/cursos\/propiedad-intelectual-y-derechos-de-autor\/","name":"Propiedad Intelectual y Derechos de Autor - Wellogi Academy","isPartOf":{"@id":"https:\/\/www.wellogi.com\/cursos\/#website"},"primaryImageOfPage":{"@id":"https:\/\/www.wellogi.com\/cursos\/propiedad-intelectual-y-derechos-de-autor\/#primaryimage"},"image":{"@id":"https:\/\/www.wellogi.com\/cursos\/propiedad-intelectual-y-derechos-de-autor\/#primaryimage"},"thumbnailUrl":"https:\/\/www.wellogi.com\/cursos\/wp-content\/uploads\/2023\/09\/IMPI-logo.png","datePublished":"2023-03-15T22:25:28+00:00","dateModified":"2026-02-24T01:20:38+00:00","description":"Plataforma de capacitaci\u00f3n acad\u00e9mica continua as\u00edncrona especializada en Nutricion, Entrenamiento, Recomposici\u00f3n Corporal, Fitness y Wellness.","breadcrumb":{"@id":"https:\/\/www.wellogi.com\/cursos\/propiedad-intelectual-y-derechos-de-autor\/#breadcrumb"},"inLanguage":"es","potentialAction":[{"@type":"ReadAction","target":["https:\/\/www.wellogi.com\/cursos\/propiedad-intelectual-y-derechos-de-autor\/"]}]},{"@type":"ImageObject","inLanguage":"es","@id":"https:\/\/www.wellogi.com\/cursos\/propiedad-intelectual-y-derechos-de-autor\/#primaryimage","url":"https:\/\/www.wellogi.com\/cursos\/wp-content\/uploads\/2023\/09\/IMPI-logo.png","contentUrl":"https:\/\/www.wellogi.com\/cursos\/wp-content\/uploads\/2023\/09\/IMPI-logo.png","width":540,"height":165,"caption":"IMPI"},{"@type":"BreadcrumbList","@id":"https:\/\/www.wellogi.com\/cursos\/propiedad-intelectual-y-derechos-de-autor\/#breadcrumb","itemListElement":[{"@type":"ListItem","position":1,"name":"Inicio","item":"https:\/\/www.wellogi.com\/cursos\/"},{"@type":"ListItem","position":2,"name":"Propiedad Intelectual y Derechos de Autor"}]},{"@type":"WebSite","@id":"https:\/\/www.wellogi.com\/cursos\/#website","url":"https:\/\/www.wellogi.com\/cursos\/","name":"Wellogi Academy","description":"Plataforma de capacitaci\u00f3n acad\u00e9mica continua as\u00edncrona.","publisher":{"@id":"https:\/\/www.wellogi.com\/cursos\/#organization"},"potentialAction":[{"@type":"SearchAction","target":{"@type":"EntryPoint","urlTemplate":"https:\/\/www.wellogi.com\/cursos\/?s={search_term_string}"},"query-input":{"@type":"PropertyValueSpecification","valueRequired":true,"valueName":"search_term_string"}}],"inLanguage":"es"},{"@type":"Organization","@id":"https:\/\/www.wellogi.com\/cursos\/#organization","name":"Wellogi Academy","url":"https:\/\/www.wellogi.com\/cursos\/","logo":{"@type":"ImageObject","inLanguage":"es","@id":"https:\/\/www.wellogi.com\/cursos\/#\/schema\/logo\/image\/","url":"https:\/\/www.wellogi.com\/cursos\/wp-content\/uploads\/2021\/11\/Logo-y-Slogan-transparente-final-.png","contentUrl":"https:\/\/www.wellogi.com\/cursos\/wp-content\/uploads\/2021\/11\/Logo-y-Slogan-transparente-final-.png","width":5042,"height":4883,"caption":"Wellogi Academy"},"image":{"@id":"https:\/\/www.wellogi.com\/cursos\/#\/schema\/logo\/image\/"},"sameAs":["https:\/\/www.facebook.com\/WellogiApp","https:\/\/x.com\/Wellogi_App","https:\/\/www.instagram.com\/wellogi_app\/","https:\/\/www.linkedin.com\/in\/luis-gomez-wellogi\/","https:\/\/www.youtube.com\/c\/Wellogi\/videos"]}]}},"_links":{"self":[{"href":"https:\/\/www.wellogi.com\/cursos\/wp-json\/wp\/v2\/pages\/90878","targetHints":{"allow":["GET"]}}],"collection":[{"href":"https:\/\/www.wellogi.com\/cursos\/wp-json\/wp\/v2\/pages"}],"about":[{"href":"https:\/\/www.wellogi.com\/cursos\/wp-json\/wp\/v2\/types\/page"}],"author":[{"embeddable":true,"href":"https:\/\/www.wellogi.com\/cursos\/wp-json\/wp\/v2\/users\/3"}],"replies":[{"embeddable":true,"href":"https:\/\/www.wellogi.com\/cursos\/wp-json\/wp\/v2\/comments?post=90878"}],"version-history":[{"count":9,"href":"https:\/\/www.wellogi.com\/cursos\/wp-json\/wp\/v2\/pages\/90878\/revisions"}],"predecessor-version":[{"id":116091,"href":"https:\/\/www.wellogi.com\/cursos\/wp-json\/wp\/v2\/pages\/90878\/revisions\/116091"}],"wp:attachment":[{"href":"https:\/\/www.wellogi.com\/cursos\/wp-json\/wp\/v2\/media?parent=90878"}],"curies":[{"name":"wp","href":"https:\/\/api.w.org\/{rel}","templated":true}]}}