{"id":101817,"date":"2023-07-14T17:06:20","date_gmt":"2023-07-14T23:06:20","guid":{"rendered":"https:\/\/www.wellogi.com\/cursos\/?page_id=101817"},"modified":"2023-12-22T13:58:54","modified_gmt":"2023-12-22T19:58:54","slug":"badge-entrenamiento","status":"publish","type":"page","link":"https:\/\/www.wellogi.com\/cursos\/badge-entrenamiento\/","title":{"rendered":"Badge &#8211; Certificaci\u00f3n en Entrenamiento aplicado a la Recomposici\u00f3n Corporal."},"content":{"rendered":"\n<div class=\"wp-block-columns is-layout-flex wp-container-core-columns-is-layout-9d6595d7 wp-block-columns-is-layout-flex\">\n<div class=\"wp-block-column is-layout-flow wp-block-column-is-layout-flow\">\n<figure class=\"wp-block-image size-large\"><img fetchpriority=\"high\" decoding=\"async\" width=\"1024\" height=\"1024\" src=\"https:\/\/www.wellogi.com\/cursos\/wp-content\/uploads\/2023\/07\/LIPIDOS-EN-LA-NUTRICION-DEPORTIVA-4-1024x1024.jpg\" alt=\"\" class=\"wp-image-101818\" srcset=\"https:\/\/www.wellogi.com\/cursos\/wp-content\/uploads\/2023\/07\/LIPIDOS-EN-LA-NUTRICION-DEPORTIVA-4-1024x1024.jpg 1024w, https:\/\/www.wellogi.com\/cursos\/wp-content\/uploads\/2023\/07\/LIPIDOS-EN-LA-NUTRICION-DEPORTIVA-4-300x300.jpg 300w, https:\/\/www.wellogi.com\/cursos\/wp-content\/uploads\/2023\/07\/LIPIDOS-EN-LA-NUTRICION-DEPORTIVA-4-100x100.jpg 100w, https:\/\/www.wellogi.com\/cursos\/wp-content\/uploads\/2023\/07\/LIPIDOS-EN-LA-NUTRICION-DEPORTIVA-4-600x600.jpg 600w, https:\/\/www.wellogi.com\/cursos\/wp-content\/uploads\/2023\/07\/LIPIDOS-EN-LA-NUTRICION-DEPORTIVA-4-150x150.jpg 150w, https:\/\/www.wellogi.com\/cursos\/wp-content\/uploads\/2023\/07\/LIPIDOS-EN-LA-NUTRICION-DEPORTIVA-4-768x768.jpg 768w, https:\/\/www.wellogi.com\/cursos\/wp-content\/uploads\/2023\/07\/LIPIDOS-EN-LA-NUTRICION-DEPORTIVA-4-200x200.jpg 200w, https:\/\/www.wellogi.com\/cursos\/wp-content\/uploads\/2023\/07\/LIPIDOS-EN-LA-NUTRICION-DEPORTIVA-4-400x400.jpg 400w, https:\/\/www.wellogi.com\/cursos\/wp-content\/uploads\/2023\/07\/LIPIDOS-EN-LA-NUTRICION-DEPORTIVA-4-450x450.jpg 450w, https:\/\/www.wellogi.com\/cursos\/wp-content\/uploads\/2023\/07\/LIPIDOS-EN-LA-NUTRICION-DEPORTIVA-4-900x900.jpg 900w, https:\/\/www.wellogi.com\/cursos\/wp-content\/uploads\/2023\/07\/LIPIDOS-EN-LA-NUTRICION-DEPORTIVA-4.jpg 1080w\" sizes=\"(max-width: 1024px) 100vw, 1024px\" \/><\/figure>\n<\/div>\n\n\n\n<div class=\"wp-block-column is-layout-flow wp-block-column-is-layout-flow\">\n<p><\/p>\n\n\n\n<p class=\"has-text-color\" style=\"color:#d19600;font-size:20px\"><strong>Badge &#8211; Certificaci\u00f3n en Entrenamiento aplicado a la Recomposici\u00f3n Corporal.<\/strong><\/p>\n\n\n\n<p>Al obtener esta <strong>Medalla<\/strong>, los Profesionales adquieren <strong>competencias s\u00f3lidas en el dise\u00f1o y la implementaci\u00f3n de programas de Entrenamiento <\/strong>espec\u00edficos para la Recomposici\u00f3n Corporal. <\/p>\n\n\n\n<p>Los Profesionales Certificados con esta Acreditaci\u00f3n demuestran su capacidad para aplicar <strong>principios cient\u00edficos del Entrenamiento Deportivo<\/strong> en la creaci\u00f3n de planes de Entrenamiento<strong> efectivos y personalizados<\/strong>. Adem\u00e1s, son capaces de brindar asesoramiento especializado en la selecci\u00f3n de ejercicios, la planificaci\u00f3n del entrenamiento y las t\u00e9cnicas de intensificaci\u00f3n de la hipertrofia muscular, <strong>optimizando as\u00ed los resultados de sus clientes \/ pacientes en t\u00e9rminos de Est\u00e9tica Corporal y Rendimiento.<\/strong><\/p>\n<\/div>\n<\/div>\n\n\n\n<p class=\"has-button-hover-text-color-color has-button-color-background-color has-text-color has-background\">La <strong><a href=\"https:\/\/www.wellogi.com\/cursos\/curso\/certificacion-en-entrenamiento-aplicado-a-la-recomposicion-corporal\/\">Certificaci\u00f3n en Entrenamiento aplicado a la Recomposici\u00f3n Corporal<\/a><\/strong> tiene como objetivo dotar a los profesionales participantes de una comprensi\u00f3n profunda de los principios del entrenamiento deportivo necesarios para promover la recomposici\u00f3n corporal en atletas y poblaci\u00f3n general a trav\u00e9s de la realizaci\u00f3n de clases sincr\u00f3nicas, as\u00edncronas, ejercicios pr\u00e1cticos y ex\u00e1menes, con el criterio de que se puedan aplicar de manera efectiva dichos principios en la creaci\u00f3n de planes de entrenamiento de sus pacientes\/asesorados. <\/p>\n\n\n\n<p class=\"has-button-hover-text-color-color has-button-color-background-color has-text-color has-background\">Esta Certificaci\u00f3n abarca una serie de Cursos esenciales, como<a href=\"https:\/\/www.wellogi.com\/cursos\/curso\/fisiologia-de-la-hipertrofia-muscular\/\"> Fisiolog\u00eda de la Hipertrofia Muscular<\/a>, <a href=\"https:\/\/www.wellogi.com\/cursos\/curso\/programacion-del-entrenamiento-para-la-hipertrofia-muscular\/\">Programaci\u00f3n del Entrenamiento para la Hipertrofia Muscular<\/a>, <a href=\"https:\/\/www.wellogi.com\/cursos\/curso\/biomecanica-y-gimnasio\/\">Biomec\u00e1nica y Gimnasio<\/a>, <a href=\"https:\/\/www.wellogi.com\/cursos\/curso\/seleccion-de-ejercicios\/\">Selecci\u00f3n de Ejercicios<\/a>, <a href=\"https:\/\/www.wellogi.com\/cursos\/curso\/planificacion-del-entrenamiento-para-la-estetica-corporal\/\">Planificaci\u00f3n del Entrenamiento para la Est\u00e9tica Corporal<\/a>, <a href=\"https:\/\/www.wellogi.com\/cursos\/curso\/actividades-peri-entrenamiento\/\">Actividades Peri Entrenamiento<\/a>, <a href=\"https:\/\/www.wellogi.com\/cursos\/curso\/tecnicas-de-intensificacion-de-la-hipertrofia-muscular\/\">T\u00e9cnicas de Intensificaci\u00f3n de la Hipertrofia Muscular<\/a> y <strong><a href=\"https:\/\/www.wellogi.com\/cursos\/curso\/entrenamiento-para-la-perdida-de-la-grasa-corporal\/\">Entrenamiento para la Reducci\u00f3n de Grasa Corporal.<\/a><\/strong><\/p>\n\n\n\n<p class=\"has-text-color has-large-font-size\" style=\"color:#d19600\"><strong>\u00bfQu\u00e9 son las Badges Oficiales de Wellogi?<\/strong><\/p>\n\n\n\n<p>Las Medallas obtenidas a trav\u00e9s de las diferentes Certificaciones y el <strong><a href=\"https:\/\/www.wellogi.com\/cursos\/curso\/diplomado-en-nutricion-entrenamiento-y-ciencias-aplicadas-a-la-recomposicion-corporal\/\" target=\"_blank\" rel=\"noreferrer noopener\">Diplomado en Nutrici\u00f3n, Entrenamiento y Ciencias Aplicadas a la Recomposici\u00f3n Corporal<\/a><\/strong> se utilizar\u00e1n como una herramienta para demostrar y respaldar el profesionalismo y el conocimiento especializado de los portadores.<\/p>\n\n\n\n<p>Estas Medallas se podr\u00e1n agregar en diversos lugares, como curr\u00edculums vitae (CV), perfiles en plataformas profesionales como LinkedIn, redes sociales, tarjetas de presentaci\u00f3n y otros lugares.<\/p>\n\n\n\n<blockquote class=\"wp-block-quote is-layout-flow wp-block-quote-is-layout-flow\">\n<p><strong>Al mostrar estas Medallas, los profesionales destacar\u00e1n su compromiso con la educaci\u00f3n continua y el desarrollo de habilidades de vanguardia en el campo de la Nutrici\u00f3n, el Entrenamiento y la Recomposici\u00f3n Corporal.<\/strong><\/p>\n<\/blockquote>\n\n\n\n<p>Asimismo, estas Medallas servir\u00e1n como una Credencial reconocida que genera Confianza y demuestra la capacidad del portador para brindar servicios de Alta Calidad y ayudar a los clientes \/ pacientes a alcanzar sus objetivos de Salud,  Rendimiento y Est\u00e9tica Corporal de manera efectiva. <\/p>\n\n\n\n<h2 class=\"wp-block-heading\"><strong>Forma parte tambien del <\/strong><a href=\"https:\/\/www.wellogi.com\/cursos\/directorio-certificacion-entrenamiento-recomposicion-corporal\/\" target=\"_blank\" rel=\"noreferrer noopener\">Directorio Oficial<strong> <\/strong><\/a><strong>de los Profesionales que terminaron satisfactoriamente<\/strong> la Certificaci\u00f3n en Entrenamiento aplicado a la Recomposici\u00f3n Corporal.<\/h2>\n","protected":false},"excerpt":{"rendered":"<p>Badge &#8211; Certificaci\u00f3n en Entrenamiento aplicado a la Recomposici\u00f3n Corporal. Al obtener esta Medalla, los Profesionales adquieren competencias s\u00f3lidas en el dise\u00f1o y la implementaci\u00f3n de programas de Entrenamiento espec\u00edficos para la Recomposici\u00f3n Corporal. Los Profesionales Certificados con esta Acreditaci\u00f3n &hellip;<\/p>\n<p class=\"read-more\"> <a class=\"more-link\" href=\"https:\/\/www.wellogi.com\/cursos\/badge-entrenamiento\/\"> <span class=\"screen-reader-text\">Badge &#8211; Certificaci\u00f3n en Entrenamiento aplicado a la Recomposici\u00f3n Corporal.<\/span> Leer m\u00e1s \u00bb<\/a><\/p>\n","protected":false},"author":3,"featured_media":0,"parent":0,"menu_order":0,"comment_status":"closed","ping_status":"closed","template":"","meta":{"footnotes":""},"class_list":["post-101817","page","type-page","status-publish","hentry"],"yoast_head":"<!-- This site is optimized with the Yoast SEO plugin v27.4 - https:\/\/yoast.com\/product\/yoast-seo-wordpress\/ -->\n<title>Badge - Certificaci\u00f3n en Entrenamiento aplicado a la Recomposici\u00f3n Corporal. - Wellogi Academy<\/title>\n<meta name=\"description\" content=\"Plataforma de capacitaci\u00f3n acad\u00e9mica continua as\u00edncrona especializada en Nutricion, Entrenamiento, Recomposici\u00f3n Corporal, Fitness y Wellness.\" \/>\n<meta name=\"robots\" content=\"index, follow, max-snippet:-1, max-image-preview:large, max-video-preview:-1\" \/>\n<link rel=\"canonical\" href=\"https:\/\/www.wellogi.com\/cursos\/badge-entrenamiento\/\" \/>\n<meta property=\"og:locale\" content=\"es_MX\" \/>\n<meta property=\"og:type\" content=\"article\" \/>\n<meta property=\"og:title\" content=\"Badge - Certificaci\u00f3n en Entrenamiento aplicado a la Recomposici\u00f3n Corporal. - Wellogi Academy\" \/>\n<meta property=\"og:description\" content=\"Plataforma de capacitaci\u00f3n acad\u00e9mica continua as\u00edncrona especializada en Nutricion, Entrenamiento, Recomposici\u00f3n Corporal, Fitness y Wellness.\" \/>\n<meta property=\"og:url\" content=\"https:\/\/www.wellogi.com\/cursos\/badge-entrenamiento\/\" \/>\n<meta property=\"og:site_name\" content=\"Wellogi Academy\" \/>\n<meta property=\"article:publisher\" content=\"https:\/\/www.facebook.com\/WellogiApp\" \/>\n<meta property=\"article:modified_time\" content=\"2023-12-22T19:58:54+00:00\" \/>\n<meta property=\"og:image\" content=\"https:\/\/www.wellogi.com\/cursos\/wp-content\/uploads\/2023\/07\/LIPIDOS-EN-LA-NUTRICION-DEPORTIVA-4-1024x1024.jpg\" \/>\n<meta name=\"twitter:card\" content=\"summary_large_image\" \/>\n<meta name=\"twitter:site\" content=\"@Wellogi_App\" \/>\n<script type=\"application\/ld+json\" class=\"yoast-schema-graph\">{\"@context\":\"https:\\\/\\\/schema.org\",\"@graph\":[{\"@type\":\"WebPage\",\"@id\":\"https:\\\/\\\/www.wellogi.com\\\/cursos\\\/badge-entrenamiento\\\/\",\"url\":\"https:\\\/\\\/www.wellogi.com\\\/cursos\\\/badge-entrenamiento\\\/\",\"name\":\"Badge - Certificaci\u00f3n en Entrenamiento aplicado a la Recomposici\u00f3n Corporal. - Wellogi Academy\",\"isPartOf\":{\"@id\":\"https:\\\/\\\/www.wellogi.com\\\/cursos\\\/#website\"},\"primaryImageOfPage\":{\"@id\":\"https:\\\/\\\/www.wellogi.com\\\/cursos\\\/badge-entrenamiento\\\/#primaryimage\"},\"image\":{\"@id\":\"https:\\\/\\\/www.wellogi.com\\\/cursos\\\/badge-entrenamiento\\\/#primaryimage\"},\"thumbnailUrl\":\"https:\\\/\\\/www.wellogi.com\\\/cursos\\\/wp-content\\\/uploads\\\/2023\\\/07\\\/LIPIDOS-EN-LA-NUTRICION-DEPORTIVA-4-1024x1024.jpg\",\"datePublished\":\"2023-07-14T23:06:20+00:00\",\"dateModified\":\"2023-12-22T19:58:54+00:00\",\"description\":\"Plataforma de capacitaci\u00f3n acad\u00e9mica continua as\u00edncrona especializada en Nutricion, Entrenamiento, Recomposici\u00f3n Corporal, Fitness y Wellness.\",\"breadcrumb\":{\"@id\":\"https:\\\/\\\/www.wellogi.com\\\/cursos\\\/badge-entrenamiento\\\/#breadcrumb\"},\"inLanguage\":\"es\",\"potentialAction\":[{\"@type\":\"ReadAction\",\"target\":[\"https:\\\/\\\/www.wellogi.com\\\/cursos\\\/badge-entrenamiento\\\/\"]}]},{\"@type\":\"ImageObject\",\"inLanguage\":\"es\",\"@id\":\"https:\\\/\\\/www.wellogi.com\\\/cursos\\\/badge-entrenamiento\\\/#primaryimage\",\"url\":\"https:\\\/\\\/www.wellogi.com\\\/cursos\\\/wp-content\\\/uploads\\\/2023\\\/07\\\/LIPIDOS-EN-LA-NUTRICION-DEPORTIVA-4.jpg\",\"contentUrl\":\"https:\\\/\\\/www.wellogi.com\\\/cursos\\\/wp-content\\\/uploads\\\/2023\\\/07\\\/LIPIDOS-EN-LA-NUTRICION-DEPORTIVA-4.jpg\",\"width\":1080,\"height\":1080,\"caption\":\"Badge. Certificaci\u00f3n en Entrenamiento aplicado a la Recomposici\u00f3n Corporal.\"},{\"@type\":\"BreadcrumbList\",\"@id\":\"https:\\\/\\\/www.wellogi.com\\\/cursos\\\/badge-entrenamiento\\\/#breadcrumb\",\"itemListElement\":[{\"@type\":\"ListItem\",\"position\":1,\"name\":\"Inicio\",\"item\":\"https:\\\/\\\/www.wellogi.com\\\/cursos\\\/\"},{\"@type\":\"ListItem\",\"position\":2,\"name\":\"Badge &#8211; Certificaci\u00f3n en Entrenamiento aplicado a la Recomposici\u00f3n Corporal.\"}]},{\"@type\":\"WebSite\",\"@id\":\"https:\\\/\\\/www.wellogi.com\\\/cursos\\\/#website\",\"url\":\"https:\\\/\\\/www.wellogi.com\\\/cursos\\\/\",\"name\":\"Wellogi Academy\",\"description\":\"Plataforma de capacitaci\u00f3n acad\u00e9mica continua as\u00edncrona.\",\"publisher\":{\"@id\":\"https:\\\/\\\/www.wellogi.com\\\/cursos\\\/#organization\"},\"potentialAction\":[{\"@type\":\"SearchAction\",\"target\":{\"@type\":\"EntryPoint\",\"urlTemplate\":\"https:\\\/\\\/www.wellogi.com\\\/cursos\\\/?s={search_term_string}\"},\"query-input\":{\"@type\":\"PropertyValueSpecification\",\"valueRequired\":true,\"valueName\":\"search_term_string\"}}],\"inLanguage\":\"es\"},{\"@type\":\"Organization\",\"@id\":\"https:\\\/\\\/www.wellogi.com\\\/cursos\\\/#organization\",\"name\":\"Wellogi Academy\",\"url\":\"https:\\\/\\\/www.wellogi.com\\\/cursos\\\/\",\"logo\":{\"@type\":\"ImageObject\",\"inLanguage\":\"es\",\"@id\":\"https:\\\/\\\/www.wellogi.com\\\/cursos\\\/#\\\/schema\\\/logo\\\/image\\\/\",\"url\":\"https:\\\/\\\/www.wellogi.com\\\/cursos\\\/wp-content\\\/uploads\\\/2021\\\/11\\\/Logo-y-Slogan-transparente-final-.png\",\"contentUrl\":\"https:\\\/\\\/www.wellogi.com\\\/cursos\\\/wp-content\\\/uploads\\\/2021\\\/11\\\/Logo-y-Slogan-transparente-final-.png\",\"width\":5042,\"height\":4883,\"caption\":\"Wellogi Academy\"},\"image\":{\"@id\":\"https:\\\/\\\/www.wellogi.com\\\/cursos\\\/#\\\/schema\\\/logo\\\/image\\\/\"},\"sameAs\":[\"https:\\\/\\\/www.facebook.com\\\/WellogiApp\",\"https:\\\/\\\/x.com\\\/Wellogi_App\",\"https:\\\/\\\/www.instagram.com\\\/wellogi_app\\\/\",\"https:\\\/\\\/www.linkedin.com\\\/in\\\/luis-gomez-wellogi\\\/\",\"https:\\\/\\\/www.youtube.com\\\/c\\\/Wellogi\\\/videos\"]}]}<\/script>\n<!-- \/ Yoast SEO plugin. -->","yoast_head_json":{"title":"Badge - Certificaci\u00f3n en Entrenamiento aplicado a la Recomposici\u00f3n Corporal. - Wellogi Academy","description":"Plataforma de capacitaci\u00f3n acad\u00e9mica continua as\u00edncrona especializada en Nutricion, Entrenamiento, Recomposici\u00f3n Corporal, Fitness y Wellness.","robots":{"index":"index","follow":"follow","max-snippet":"max-snippet:-1","max-image-preview":"max-image-preview:large","max-video-preview":"max-video-preview:-1"},"canonical":"https:\/\/www.wellogi.com\/cursos\/badge-entrenamiento\/","og_locale":"es_MX","og_type":"article","og_title":"Badge - Certificaci\u00f3n en Entrenamiento aplicado a la Recomposici\u00f3n Corporal. - Wellogi Academy","og_description":"Plataforma de capacitaci\u00f3n acad\u00e9mica continua as\u00edncrona especializada en Nutricion, Entrenamiento, Recomposici\u00f3n Corporal, Fitness y Wellness.","og_url":"https:\/\/www.wellogi.com\/cursos\/badge-entrenamiento\/","og_site_name":"Wellogi Academy","article_publisher":"https:\/\/www.facebook.com\/WellogiApp","article_modified_time":"2023-12-22T19:58:54+00:00","og_image":[{"url":"https:\/\/www.wellogi.com\/cursos\/wp-content\/uploads\/2023\/07\/LIPIDOS-EN-LA-NUTRICION-DEPORTIVA-4-1024x1024.jpg","type":"","width":"","height":""}],"twitter_card":"summary_large_image","twitter_site":"@Wellogi_App","schema":{"@context":"https:\/\/schema.org","@graph":[{"@type":"WebPage","@id":"https:\/\/www.wellogi.com\/cursos\/badge-entrenamiento\/","url":"https:\/\/www.wellogi.com\/cursos\/badge-entrenamiento\/","name":"Badge - Certificaci\u00f3n en Entrenamiento aplicado a la Recomposici\u00f3n Corporal. - Wellogi Academy","isPartOf":{"@id":"https:\/\/www.wellogi.com\/cursos\/#website"},"primaryImageOfPage":{"@id":"https:\/\/www.wellogi.com\/cursos\/badge-entrenamiento\/#primaryimage"},"image":{"@id":"https:\/\/www.wellogi.com\/cursos\/badge-entrenamiento\/#primaryimage"},"thumbnailUrl":"https:\/\/www.wellogi.com\/cursos\/wp-content\/uploads\/2023\/07\/LIPIDOS-EN-LA-NUTRICION-DEPORTIVA-4-1024x1024.jpg","datePublished":"2023-07-14T23:06:20+00:00","dateModified":"2023-12-22T19:58:54+00:00","description":"Plataforma de capacitaci\u00f3n acad\u00e9mica continua as\u00edncrona especializada en Nutricion, Entrenamiento, Recomposici\u00f3n Corporal, Fitness y Wellness.","breadcrumb":{"@id":"https:\/\/www.wellogi.com\/cursos\/badge-entrenamiento\/#breadcrumb"},"inLanguage":"es","potentialAction":[{"@type":"ReadAction","target":["https:\/\/www.wellogi.com\/cursos\/badge-entrenamiento\/"]}]},{"@type":"ImageObject","inLanguage":"es","@id":"https:\/\/www.wellogi.com\/cursos\/badge-entrenamiento\/#primaryimage","url":"https:\/\/www.wellogi.com\/cursos\/wp-content\/uploads\/2023\/07\/LIPIDOS-EN-LA-NUTRICION-DEPORTIVA-4.jpg","contentUrl":"https:\/\/www.wellogi.com\/cursos\/wp-content\/uploads\/2023\/07\/LIPIDOS-EN-LA-NUTRICION-DEPORTIVA-4.jpg","width":1080,"height":1080,"caption":"Badge. Certificaci\u00f3n en Entrenamiento aplicado a la Recomposici\u00f3n Corporal."},{"@type":"BreadcrumbList","@id":"https:\/\/www.wellogi.com\/cursos\/badge-entrenamiento\/#breadcrumb","itemListElement":[{"@type":"ListItem","position":1,"name":"Inicio","item":"https:\/\/www.wellogi.com\/cursos\/"},{"@type":"ListItem","position":2,"name":"Badge &#8211; Certificaci\u00f3n en Entrenamiento aplicado a la Recomposici\u00f3n Corporal."}]},{"@type":"WebSite","@id":"https:\/\/www.wellogi.com\/cursos\/#website","url":"https:\/\/www.wellogi.com\/cursos\/","name":"Wellogi Academy","description":"Plataforma de capacitaci\u00f3n acad\u00e9mica continua as\u00edncrona.","publisher":{"@id":"https:\/\/www.wellogi.com\/cursos\/#organization"},"potentialAction":[{"@type":"SearchAction","target":{"@type":"EntryPoint","urlTemplate":"https:\/\/www.wellogi.com\/cursos\/?s={search_term_string}"},"query-input":{"@type":"PropertyValueSpecification","valueRequired":true,"valueName":"search_term_string"}}],"inLanguage":"es"},{"@type":"Organization","@id":"https:\/\/www.wellogi.com\/cursos\/#organization","name":"Wellogi Academy","url":"https:\/\/www.wellogi.com\/cursos\/","logo":{"@type":"ImageObject","inLanguage":"es","@id":"https:\/\/www.wellogi.com\/cursos\/#\/schema\/logo\/image\/","url":"https:\/\/www.wellogi.com\/cursos\/wp-content\/uploads\/2021\/11\/Logo-y-Slogan-transparente-final-.png","contentUrl":"https:\/\/www.wellogi.com\/cursos\/wp-content\/uploads\/2021\/11\/Logo-y-Slogan-transparente-final-.png","width":5042,"height":4883,"caption":"Wellogi Academy"},"image":{"@id":"https:\/\/www.wellogi.com\/cursos\/#\/schema\/logo\/image\/"},"sameAs":["https:\/\/www.facebook.com\/WellogiApp","https:\/\/x.com\/Wellogi_App","https:\/\/www.instagram.com\/wellogi_app\/","https:\/\/www.linkedin.com\/in\/luis-gomez-wellogi\/","https:\/\/www.youtube.com\/c\/Wellogi\/videos"]}]}},"_links":{"self":[{"href":"https:\/\/www.wellogi.com\/cursos\/wp-json\/wp\/v2\/pages\/101817","targetHints":{"allow":["GET"]}}],"collection":[{"href":"https:\/\/www.wellogi.com\/cursos\/wp-json\/wp\/v2\/pages"}],"about":[{"href":"https:\/\/www.wellogi.com\/cursos\/wp-json\/wp\/v2\/types\/page"}],"author":[{"embeddable":true,"href":"https:\/\/www.wellogi.com\/cursos\/wp-json\/wp\/v2\/users\/3"}],"replies":[{"embeddable":true,"href":"https:\/\/www.wellogi.com\/cursos\/wp-json\/wp\/v2\/comments?post=101817"}],"version-history":[{"count":8,"href":"https:\/\/www.wellogi.com\/cursos\/wp-json\/wp\/v2\/pages\/101817\/revisions"}],"predecessor-version":[{"id":102233,"href":"https:\/\/www.wellogi.com\/cursos\/wp-json\/wp\/v2\/pages\/101817\/revisions\/102233"}],"wp:attachment":[{"href":"https:\/\/www.wellogi.com\/cursos\/wp-json\/wp\/v2\/media?parent=101817"}],"curies":[{"name":"wp","href":"https:\/\/api.w.org\/{rel}","templated":true}]}}